4*y - 54, 4*y = 5*n + 66. What is the greatest common divisor of 2 and y?
2
Let f be ((-4)/6)/((-4)/(-42)). Let d = f - -7. Let u(c) = 2*c + 35. Let l be u(d). What is the highest common factor of l and 14?
7
Let d(f) = f**3 - 32*f**2 - 144*f + 98. Let n be d(36). Let g = 27 + -13. Calculate the highest common divisor of g and n.
14
Let c = -11 - -35. Let g(m) = m**2 - 1. Let k be g(1). Suppose -4*w + 68 = r, k = w + r + 5 - 25. Calculate the greatest common factor of w and c.
8
Let f(w) = 7*w + 240. Let p be f(20). Calculate the greatest common factor of p and 5.
5
Suppose 1014 = 3*j - 2*d, -5*j + 2*d = -0*d - 1686. Calculate the greatest common divisor of j and 240.
48
Suppose -26*w + 41 = -323. What is the highest common divisor of w and 18?
2
Let m(s) = s**2 + 5*s - 7. Let v be m(-7). Suppose -u - 5*i + 9 = -v, 2*i + 8 = 0. Calculate the greatest common divisor of u and 4.
4
Suppose -16 = -4*t - 3*g, 2*g = 28*t - 32*t + 12. Suppose -d + 6*d = 80. Calculate the highest common divisor of d and t.
1
Let b(u) be the second derivative of 2*u**3/3 - 7*u**2 + 16*u. Let q be b(11). What is the greatest common divisor of q and 10?
10
Let n be 3 + -1 + (-89)/(-1). Let j = -109 - -116. Calculate the highest common divisor of j and n.
7
Suppose 0*g = g - 74. Let l be g/8 + 11/(-44). Let n = l + -1. What is the greatest common divisor of n and 64?
8
Let u = 459 - 451. What is the greatest common divisor of u and 10?
2
Suppose -46 = q + q. Let k = q - -27. Suppose -k*i = -0*i - 68. What is the greatest common divisor of 119 and i?
17
Suppose -3*p + 6*t - 7*t = -3805, -2*t - 2542 = -2*p. Calculate the highest common factor of p and 47.
47
Let j be (-2)/3 + (-32)/(-12). Let c be ((-42)/(-9))/(j/3). Suppose 5*i + c = 77. What is the highest common divisor of i and 7?
7
Let v(u) = -u**3 + 15*u**2 - 24*u + 52. Let i be v(12). Calculate the greatest common divisor of 112 and i.
28
Let c = 31 - 27. What is the highest common divisor of 16 and c?
4
Let v be (30/9)/((-45)/(-3105)). What is the greatest common divisor of v and 69?
23
Suppose 7 - 91 = -4*q. Let y = 1297 + -1294. What is the greatest common divisor of q and y?
3
Let p be (-2)/((-1)/(-1)) + 112 + 16. Calculate the greatest common factor of p and 14.
14
Suppose -849 = -17*b - 288. What is the greatest common divisor of 66 and b?
33
Let s = 21 + -19. Suppose 25 = -z - 3*b - s*b, -10 = 3*z + 2*b. Let k be (-3)/((-3)/3 - z). Calculate the highest common divisor of k and 21.
3
Suppose u - 2*u = -2. Let s = -575 - -578. Calculate the greatest common divisor of s and u.
1
Let b = 37 + -35. Suppose 2*j - 3*j = -4*d + 425, 4*j = b*d - 230. Calculate the highest common factor of d and 42.
21
Let k be 2 + 7 - (8 - 1). Suppose -2*a + 3*w + 5 = 0, 2*a - 4*a = -2*w - 2. Let p be a/(8/(-52))*k. Calculate the highest common divisor of p and 39.
13
Let f(k) = k**2 - 33*k + 29. Let m be f(30). Let l = m - -81. Let j = 51 + -1. Calculate the greatest common factor of l and j.
10
Suppose 1699 + 173 = 12*q. What is the highest common factor of 117 and q?
39
Suppose 13 + 3 = u. Suppose -2*l = 0, 44 = -3*p + 5*p - 3*l. Suppose 0*y = -4*y + 5*a + p, 0 = -3*a + 6. Calculate the highest common factor of u and y.
8
Suppose -5*l - 2*r = -64 - 107, -115 = -3*l + 5*r. Calculate the greatest common factor of 2 and l.
1
Let r = -29 + 31. Suppose -3*d - 12 = 3*h, 15 = -5*h - 10. What is the highest common divisor of r and d?
1
Let g = -1 - -3. Suppose -4*t + 5*h = g + 3, t = 3*h - 3. Suppose t = 7*q - 6*q - 20. Calculate the greatest common divisor of q and 20.
20
Suppose -30*w + 300 = -10*w. What is the highest common divisor of 135 and w?
15
Suppose -2*k + 4*x + 74 = -0*x, -3*x + 12 = 0. Let z = -20 + k. Suppose -5*p = -35 - z. What is the greatest common divisor of p and 8?
4
Suppose 0 = h - 0 - 2. Suppose -h*a + 135 = -a. Suppose 0 = x + 4*x - a. What is the highest common factor of x and 3?
3
Let u(l) = -l**2 + 2*l + 5. Let a be u(3). Suppose -z + 42 = a*z. What is the highest common factor of 70 and z?
14
Let g be (-5 + 3)*(-2)/4. Suppose -3*f = -53 - g. What is the greatest common factor of f and 108?
18
Suppose -3*z = 5*n + 30, 0 = 2*z - 5*z + 4*n - 3. Let g = z - -10. Let o(a) = -a**2 + 5*a - 2. Let l be o(4). Calculate the highest common divisor of g and l.
1
Suppose z = x + 1, -8 + 0 = -4*z. Let y be 0/((18/18)/((-1)/2)). Let m be (10 - -1) + (x - y). What is the greatest common divisor of m and 8?
4
Let x(m) = -m**2 + 6*m + 16. Let l be x(10). Let t be 60*(l/(-20))/3*1. Calculate the highest common factor of 24 and t.
24
Let y(l) = -7*l - 3. Let x be y(-1). Let i be ((-28)/(-16))/(x/16). What is the highest common factor of i and 7?
7
Let w be (-27)/45 + (-28)/(-5) - 1. Suppose -16 = -5*g + g. Suppose -3*i + w*p = -22, -4*p = g*i - 0*i - 76. Calculate the greatest common factor of i and 84.
14
Let k(b) = -b**2 + 37*b - 248. Let i be k(9). Suppose -4*y - 2 = -2*c, 2*c = 2*y + 4 + 2. What is the greatest common factor of y and i?
2
Let r = 34 + -31. Suppose 3*f - 4*z = -8*z + 48, z + 33 = r*f. Let l(t) = -8*t. Let h be l(-3). What is the greatest common factor of h and f?
12
Suppose -5522 = -13*j + 10624. What is the highest common factor of j and 108?
54
Suppose 2*a = 3*u - 63, 5*a = -0*a. Suppose -2*c = -18 - 132. Let t = c - 54. What is the greatest common divisor of t and u?
21
Suppose 8*d - 183 = 129. Let i be 52 + 3 + 7/((-35)/15). Calculate the greatest common factor of d and i.
13
Let d be -21*(10 + -3 + -18). What is the highest common factor of 308 and d?
77
Suppose 0 = 13*v - 39*v + 21112. What is the greatest common factor of v and 28?
28
Let h = 3 + 0. Suppose 2*n - n + 9 = 2*p, 29 = 2*p + h*n. Calculate the greatest common factor of p and 189.
7
Suppose 4*s = -2*v + 2, 5*v + 3*s = 4*s + 38. Suppose 341 - 47 = v*u. Calculate the highest common factor of 105 and u.
21
Let s(u) = 2*u**3 + 26*u**2 + 17*u + 12. Let y be s(-10). What is the greatest common divisor of y and 51?
17
Suppose 0 = -c - 4*c + 15. Let r = 1 + c. Let k(s) = -3*s**2 + 15*s + 43. Let x be k(7). Calculate the greatest common factor of r and x.
1
Let h(w) = 46*w**2 - 9*w + 1. Let x be h(1). Calculate the highest common divisor of 2 and x.
2
Let y be (-2 + 4 + -16)/(-1). Let p be (-1 - -3)*24/16. Suppose -1 = -d + x + x, 0 = -p*d + x + 18. Calculate the greatest common factor of y and d.
7
Let v(i) = 4*i**2 - 11*i. Let y be v(3). What is the highest common factor of y and 375?
3
Let c be 5/3*(5 - (1 + -2)). What is the highest common divisor of 8 and c?
2
Let m = 143 - 59. Calculate the highest common factor of m and 756.
84
Suppose 0 = d - n - 58, -3*d + n = -205 + 41. What is the highest common factor of d and 689?
53
Suppose 0 = -8*x + 1698 - 834. Calculate the greatest common divisor of x and 252.
36
Let j = -9 - -29. Suppose 5*m + j = 6*m. Calculate the greatest common factor of m and 140.
20
Suppose -2*y + 3*k - 2 = -53, -5*y - 5*k = -165. What is the highest common divisor of 155 and y?
5
Let q(y) = -y + 5. Let b be q(-10). Suppose 5*z + 4*d = b, -3*z + 3*d = d - 31. What is the greatest common divisor of 63 and z?
7
Let c be 102/(65/(-10) + 3 + 5). What is the greatest common factor of c and 4?
4
Suppose 3*r = 5*t - 58, 2*t + r - 18 = t. Calculate the highest common factor of t and 448.
14
Suppose -5*l + 103 = -247. Let p = -67 + l. What is the highest common factor of 9 and p?
3
Let t(j) = 68*j. Let s be t(2). Let f be (-50)/(-3) - (7/(-3) + 2). What is the highest common divisor of f and s?
17
Let i be (0 + -2)*(-441)/14. Let t(g) = g**2 + 3*g - 1. Let b be t(-5). What is the greatest common factor of i and b?
9
Let k be (156/30)/(2/10). Suppose 2*b = -2*u + 126, 2*b + 0*u - 3*u - 136 = 0. Calculate the greatest common factor of k and b.
13
Suppose 5*a - 5*q + 6*q - 23 = 0, -4*a + 3*q = -7. What is the greatest common factor of 92 and a?
4
Let b = 13 - 5. Let j(x) = x**3 + 11*x**2 + 16*x + 3. Let s be j(-7). Let g = -79 + s. What is the greatest common divisor of g and b?
8
Let v = -2855 - -3862. Calculate the greatest common divisor of v and 19.
19
Let i(t) = -3*t - 3. Let r(y) = -4*y - 4. Let q(m) = 5*i(m) - 4*r(m). Let n be q(1). What is the greatest common factor of n and 4?
2
Suppose -222 = -2*t + 3*m, 4*m + 115 = 2*t - 103.